{"id":134,"date":"2012-06-21T15:02:22","date_gmt":"2012-06-21T15:02:22","guid":{"rendered":"http:\/\/www.linksgestrickt.de\/blog\/?page_id=134"},"modified":"2026-03-20T23:20:43","modified_gmt":"2026-03-20T21:20:43","slug":"hallo","status":"publish","type":"page","link":"https:\/\/www.linksgestrickt.de\/blog\/hallo\/","title":{"rendered":"\u00dcber uns"},"content":{"rendered":"\n<p>Sch\u00f6n, dass Ihr zu uns gefunden habt!<\/p>\n\n\n\n<p><em>linksgestrickt<\/em> das sind wir, Matthias und Patricia<\/p>\n\n\n<div class=\"wp-block-image\">\n<figure class=\"aligncenter\"><a href=\"https:\/\/www.linksgestrickt.de\/blog\/wp-content\/uploads\/2012\/06\/wir.jpg\"><img decoding=\"async\" loading=\"lazy\" width=\"455\" height=\"399\" src=\"https:\/\/www.linksgestrickt.de\/blog\/wp-content\/uploads\/2012\/06\/wir.jpg\" alt=\"wir\" class=\"wp-image-946\" srcset=\"https:\/\/www.linksgestrickt.de\/blog\/wp-content\/uploads\/2012\/06\/wir.jpg 455w, https:\/\/www.linksgestrickt.de\/blog\/wp-content\/uploads\/2012\/06\/wir-300x263.jpg 300w\" sizes=\"(max-width: 455px) 100vw, 455px\" \/><\/a><\/figure><\/div>\n\n\n<p>Wir beide kommen aus Berlin, haben Informatik bzw. Neuere deutsche Literatur und Kunstgeschichte studiert und haben im Herbst 2012<em> linksgestrickt<\/em> als Online-Shop er\u00f6ffnet.<\/p>\n\n\n\n<p>Der Grundstein f\u00fcr diesen Laden wurde bereits 2008 gelegt. Auf einer gro\u00dfen Textilausstellung in Berlin packte mich der Handarbeitsvirus und was ich vor langer Zeit in der Grundschule,&nbsp; bei meiner Mutter und Gro\u00dfmutter gelernt habe, brach sich nun seine Bahn. W\u00e4hrend ich mich zu Beginn auf das N\u00e4hen st\u00fcrzte, verlagerte sich mein Interesse schon wenig sp\u00e4ter auf das Stricken. Zur gleichen Zeit lernte ich die wunderbaren Weblogs von Kreativen aus aller Welt kennen und nat\u00fcrlich auch die Strickplattform Ravelry.<br>Ich war hin und weg von den verschiedenen Wollqualit\u00e4ten und -farben, die in den Projekten verstrickt wurden und deren Namen ich noch nie geh\u00f6rt habe. Ich merkte, dass meine Kenntnisse \u00fcber verschiedene Wollfirmen und -qualit\u00e4ten beschr\u00e4nkt waren. Genauer gesagt: sie stimmten nicht mit dem Angebot des Wollfachgesch\u00e4fts meines Vertrauens \u00fcberein. Das musste nat\u00fcrlich ge\u00e4ndert werden: schnell bestellte ich&nbsp; zwei Str\u00e4nge in den USA, immer mein Studenten-Budget und die Zollfreigrenze im Blick.<\/p>\n\n\n\n<p>Diese Str\u00e4nge wurde dann zu einer Lace-Stola, die ich meiner Gro\u00dfmutter zum Geburtstag geschenkt habe. Das Stricken und die Wolle haben mich seitdem begleitet. Beides hat mich vom Lernen abgehalten und den Unistress reduziert, langweilige Fahrten in Auto(als Beifahrer!), Bus und Bahn verk\u00fcrzt.<br>Matthias gab den Anstoss f\u00fcr diesen Laden, ist das programmiertechnische Mastermind hinter den Kulissen und Namensgeber unseres Gesch\u00e4fts. Er wurde noch nicht vom Strickvirus befallen, auch wenn er sich in unbeobachteten Momenten an meinen Strickst\u00fccken zu schaffen macht nur um mich auf die Palme zu bringen \ud83d\ude09<\/p>\n\n\n\n<p>Mein Traum ist es, eine feste Anlaufstelle f\u00fcr all diejenigen zu sein, die gerne mit hochwertigen Materialien arbeiten wollen, um einzigartige Projekte zu schaffen, die auch nach Jahren immer wieder Freude bereiten.<br>Denn: Das Leben ist zu kurz f\u00fcr schlechtes Garn!<\/p>\n\n\n\n<p>Ich hoffe, Ihr findet auf unseren Seiten wunderbare Wolle und interessante Anregungen f\u00fcr Eure Projekte.<br>\u00dcber Lob, Kritik, Verbesserungsvorschl\u00e4ge und Fragen freuen wir uns. Bitte nutzt hierf\u00fcr unser <a href=\"https:\/\/www.linksgestrickt.de\/Shopservice\/Kontakt\/\">Kontakformular<\/a><\/p>\n","protected":false},"excerpt":{"rendered":"<p>Sch\u00f6n, dass Ihr zu uns gefunden habt! linksgestrickt das sind wir, Matthias und Patricia Wir beide kommen aus Berlin, haben Informatik bzw. Neuere deutsche Literatur und Kunstgeschichte studiert und haben im Herbst 2012 linksgestrickt als Online-Shop er\u00f6ffnet. Der Grundstein f\u00fcr diesen Laden wurde bereits 2008 gelegt. Auf einer gro\u00dfen Textilausstellung in Berlin packte mich der&#8230;<\/p>\n","protected":false},"author":1,"featured_media":0,"parent":0,"menu_order":0,"comment_status":"open","ping_status":"open","template":"","meta":{"footnotes":""},"yoast_head":"<!-- This site is optimized with the Yoast SEO plugin v21.1 - https:\/\/yoast.com\/wordpress\/plugins\/seo\/ -->\n<title>\u00dcber uns -<\/title>\n<meta name=\"robots\" content=\"index, follow, max-snippet:-1, max-image-preview:large, max-video-preview:-1\" \/>\n<link rel=\"canonical\" href=\"https:\/\/www.linksgestrickt.de\/blog\/hallo\/\" \/>\n<meta property=\"og:locale\" content=\"en_US\" \/>\n<meta property=\"og:type\" content=\"article\" \/>\n<meta property=\"og:title\" content=\"\u00dcber uns -\" \/>\n<meta property=\"og:description\" content=\"Sch\u00f6n, dass Ihr zu uns gefunden habt! linksgestrickt das sind wir, Matthias und Patricia Wir beide kommen aus Berlin, haben Informatik bzw. Neuere deutsche Literatur und Kunstgeschichte studiert und haben im Herbst 2012 linksgestrickt als Online-Shop er\u00f6ffnet. Der Grundstein f\u00fcr diesen Laden wurde bereits 2008 gelegt. Auf einer gro\u00dfen Textilausstellung in Berlin packte mich der...\" \/>\n<meta property=\"og:url\" content=\"https:\/\/www.linksgestrickt.de\/blog\/hallo\/\" \/>\n<meta property=\"article:modified_time\" content=\"2026-03-20T21:20:43+00:00\" \/>\n<meta property=\"og:image\" content=\"https:\/\/www.linksgestrickt.de\/blog\/wp-content\/uploads\/2012\/06\/wir.jpg\" \/>\n<meta name=\"twitter:label1\" content=\"Est. reading time\" \/>\n\t<meta name=\"twitter:data1\" content=\"2 minutes\" \/>\n<script type=\"application\/ld+json\" class=\"yoast-schema-graph\">{\"@context\":\"https:\/\/schema.org\",\"@graph\":[{\"@type\":\"WebPage\",\"@id\":\"https:\/\/www.linksgestrickt.de\/blog\/hallo\/\",\"url\":\"https:\/\/www.linksgestrickt.de\/blog\/hallo\/\",\"name\":\"\u00dcber uns -\",\"isPartOf\":{\"@id\":\"https:\/\/www.linksgestrickt.de\/blog\/#website\"},\"datePublished\":\"2012-06-21T15:02:22+00:00\",\"dateModified\":\"2026-03-20T21:20:43+00:00\",\"inLanguage\":\"en-US\",\"potentialAction\":[{\"@type\":\"ReadAction\",\"target\":[\"https:\/\/www.linksgestrickt.de\/blog\/hallo\/\"]}]},{\"@type\":\"WebSite\",\"@id\":\"https:\/\/www.linksgestrickt.de\/blog\/#website\",\"url\":\"https:\/\/www.linksgestrickt.de\/blog\/\",\"name\":\"\",\"description\":\"nie mehr den Faden verlieren\",\"potentialAction\":[{\"@type\":\"SearchAction\",\"target\":{\"@type\":\"EntryPoint\",\"urlTemplate\":\"https:\/\/www.linksgestrickt.de\/blog\/?s={search_term_string}\"},\"query-input\":\"required name=search_term_string\"}],\"inLanguage\":\"en-US\"}]}<\/script>\n<!-- \/ Yoast SEO plugin. -->","yoast_head_json":{"title":"\u00dcber uns -","robots":{"index":"index","follow":"follow","max-snippet":"max-snippet:-1","max-image-preview":"max-image-preview:large","max-video-preview":"max-video-preview:-1"},"canonical":"https:\/\/www.linksgestrickt.de\/blog\/hallo\/","og_locale":"en_US","og_type":"article","og_title":"\u00dcber uns -","og_description":"Sch\u00f6n, dass Ihr zu uns gefunden habt! linksgestrickt das sind wir, Matthias und Patricia Wir beide kommen aus Berlin, haben Informatik bzw. Neuere deutsche Literatur und Kunstgeschichte studiert und haben im Herbst 2012 linksgestrickt als Online-Shop er\u00f6ffnet. Der Grundstein f\u00fcr diesen Laden wurde bereits 2008 gelegt. Auf einer gro\u00dfen Textilausstellung in Berlin packte mich der...","og_url":"https:\/\/www.linksgestrickt.de\/blog\/hallo\/","article_modified_time":"2026-03-20T21:20:43+00:00","og_image":[{"url":"https:\/\/www.linksgestrickt.de\/blog\/wp-content\/uploads\/2012\/06\/wir.jpg"}],"twitter_misc":{"Est. reading time":"2 minutes"},"schema":{"@context":"https:\/\/schema.org","@graph":[{"@type":"WebPage","@id":"https:\/\/www.linksgestrickt.de\/blog\/hallo\/","url":"https:\/\/www.linksgestrickt.de\/blog\/hallo\/","name":"\u00dcber uns -","isPartOf":{"@id":"https:\/\/www.linksgestrickt.de\/blog\/#website"},"datePublished":"2012-06-21T15:02:22+00:00","dateModified":"2026-03-20T21:20:43+00:00","inLanguage":"en-US","potentialAction":[{"@type":"ReadAction","target":["https:\/\/www.linksgestrickt.de\/blog\/hallo\/"]}]},{"@type":"WebSite","@id":"https:\/\/www.linksgestrickt.de\/blog\/#website","url":"https:\/\/www.linksgestrickt.de\/blog\/","name":"","description":"nie mehr den Faden verlieren","potentialAction":[{"@type":"SearchAction","target":{"@type":"EntryPoint","urlTemplate":"https:\/\/www.linksgestrickt.de\/blog\/?s={search_term_string}"},"query-input":"required name=search_term_string"}],"inLanguage":"en-US"}]}},"_links":{"self":[{"href":"https:\/\/www.linksgestrickt.de\/blog\/wp-json\/wp\/v2\/pages\/134"}],"collection":[{"href":"https:\/\/www.linksgestrickt.de\/blog\/wp-json\/wp\/v2\/pages"}],"about":[{"href":"https:\/\/www.linksgestrickt.de\/blog\/wp-json\/wp\/v2\/types\/page"}],"author":[{"embeddable":true,"href":"https:\/\/www.linksgestrickt.de\/blog\/wp-json\/wp\/v2\/users\/1"}],"replies":[{"embeddable":true,"href":"https:\/\/www.linksgestrickt.de\/blog\/wp-json\/wp\/v2\/comments?post=134"}],"version-history":[{"count":16,"href":"https:\/\/www.linksgestrickt.de\/blog\/wp-json\/wp\/v2\/pages\/134\/revisions"}],"predecessor-version":[{"id":2586,"href":"https:\/\/www.linksgestrickt.de\/blog\/wp-json\/wp\/v2\/pages\/134\/revisions\/2586"}],"wp:attachment":[{"href":"https:\/\/www.linksgestrickt.de\/blog\/wp-json\/wp\/v2\/media?parent=134"}],"curies":[{"name":"wp","href":"https:\/\/api.w.org\/{rel}","templated":true}]}}

Über uns

<p>Schön, dass Ihr zu uns gefunden habt!</p>



<p><em>linksgestrickt</em> das sind wir, Matthias und Patricia</p>


<div class="wp-block-image">
<figure class="aligncenter"><a href="https://www.linksgestrickt.de/blog/wp-content/uploads/2012/06/wir.jpg"><img decoding="async" loading="lazy" width="455" height="399" src="https://www.linksgestrickt.de/blog/wp-content/uploads/2012/06/wir.jpg" alt="wir" class="wp-image-946" srcset="https://www.linksgestrickt.de/blog/wp-content/uploads/2012/06/wir.jpg 455w, https://www.linksgestrickt.de/blog/wp-content/uploads/2012/06/wir-300x263.jpg 300w" sizes="(max-width: 455px) 100vw, 455px" /></a></figure></div>


<p>Wir beide kommen aus Berlin, haben Informatik bzw. Neuere deutsche Literatur und Kunstgeschichte studiert und haben im Herbst 2012<em> linksgestrickt</em> als Online-Shop eröffnet.</p>



<p>Der Grundstein für diesen Laden wurde bereits 2008 gelegt. Auf einer großen Textilausstellung in Berlin packte mich der Handarbeitsvirus und was ich vor langer Zeit in der Grundschule,&nbsp; bei meiner Mutter und Großmutter gelernt habe, brach sich nun seine Bahn. Während ich mich zu Beginn auf das Nähen stürzte, verlagerte sich mein Interesse schon wenig später auf das Stricken. Zur gleichen Zeit lernte ich die wunderbaren Weblogs von Kreativen aus aller Welt kennen und natürlich auch die Strickplattform Ravelry.<br>Ich war hin und weg von den verschiedenen Wollqualitäten und -farben, die in den Projekten verstrickt wurden und deren Namen ich noch nie gehört habe. Ich merkte, dass meine Kenntnisse über verschiedene Wollfirmen und -qualitäten beschränkt waren. Genauer gesagt: sie stimmten nicht mit dem Angebot des Wollfachgeschäfts meines Vertrauens überein. Das musste natürlich geändert werden: schnell bestellte ich&nbsp; zwei Stränge in den USA, immer mein Studenten-Budget und die Zollfreigrenze im Blick.</p>



<p>Diese Stränge wurde dann zu einer Lace-Stola, die ich meiner Großmutter zum Geburtstag geschenkt habe. Das Stricken und die Wolle haben mich seitdem begleitet. Beides hat mich vom Lernen abgehalten und den Unistress reduziert, langweilige Fahrten in Auto(als Beifahrer!), Bus und Bahn verkürzt.<br>Matthias gab den Anstoss für diesen Laden, ist das programmiertechnische Mastermind hinter den Kulissen und Namensgeber unseres Geschäfts. Er wurde noch nicht vom Strickvirus befallen, auch wenn er sich in unbeobachteten Momenten an meinen Strickstücken zu schaffen macht nur um mich auf die Palme zu bringen 😉</p>



<p>Mein Traum ist es, eine feste Anlaufstelle für all diejenigen zu sein, die gerne mit hochwertigen Materialien arbeiten wollen, um einzigartige Projekte zu schaffen, die auch nach Jahren immer wieder Freude bereiten.<br>Denn: Das Leben ist zu kurz für schlechtes Garn!</p>



<p>Ich hoffe, Ihr findet auf unseren Seiten wunderbare Wolle und interessante Anregungen für Eure Projekte.<br>Über Lob, Kritik, Verbesserungsvorschläge und Fragen freuen wir uns. Bitte nutzt hierfür unser <a href="https://www.linksgestrickt.de/Shopservice/Kontakt/">Kontakformular</a></p>

<p>Schön, dass Ihr zu uns gefunden habt! linksgestrickt das sind wir, Matthias und Patricia Wir beide kommen aus Berlin, haben Informatik bzw. Neuere deutsche Literatur und Kunstgeschichte studiert und haben im Herbst 2012 linksgestrickt als Online-Shop eröffnet. Der Grundstein für diesen Laden wurde bereits 2008 gelegt. Auf einer großen Textilausstellung in Berlin packte mich der&#8230;</p>

<!-- This site is optimized with the Yoast SEO plugin v21.1 - https://yoast.com/wordpress/plugins/seo/ -->
<title>Über uns -</title>
<meta name="robots" content="index, follow, max-snippet:-1, max-image-preview:large, max-video-preview:-1" />
<link rel="canonical" href="https://www.linksgestrickt.de/blog/hallo/" />
<meta property="og:locale" content="en_US" />
<meta property="og:type" content="article" />
<meta property="og:title" content="Über uns -" />
<meta property="og:description" content="Schön, dass Ihr zu uns gefunden habt! linksgestrickt das sind wir, Matthias und Patricia Wir beide kommen aus Berlin, haben Informatik bzw. Neuere deutsche Literatur und Kunstgeschichte studiert und haben im Herbst 2012 linksgestrickt als Online-Shop eröffnet. Der Grundstein für diesen Laden wurde bereits 2008 gelegt. Auf einer großen Textilausstellung in Berlin packte mich der..." />
<meta property="og:url" content="https://www.linksgestrickt.de/blog/hallo/" />
<meta property="article:modified_time" content="2026-03-20T21:20:43+00:00" />
<meta property="og:image" content="https://www.linksgestrickt.de/blog/wp-content/uploads/2012/06/wir.jpg" />
<meta name="twitter:label1" content="Est. reading time" />
	<meta name="twitter:data1" content="2 minutes" />
<script type="application/ld+json" class="yoast-schema-graph">{"@context":"https://schema.org","@graph":[{"@type":"WebPage","@id":"https://www.linksgestrickt.de/blog/hallo/","url":"https://www.linksgestrickt.de/blog/hallo/","name":"Über uns -","isPartOf":{"@id":"https://www.linksgestrickt.de/blog/#website"},"datePublished":"2012-06-21T15:02:22+00:00","dateModified":"2026-03-20T21:20:43+00:00","inLanguage":"en-US","potentialAction":[{"@type":"ReadAction","target":["https://www.linksgestrickt.de/blog/hallo/"]}]},{"@type":"WebSite","@id":"https://www.linksgestrickt.de/blog/#website","url":"https://www.linksgestrickt.de/blog/","name":"","description":"nie mehr den Faden verlieren","potentialAction":[{"@type":"SearchAction","target":{"@type":"EntryPoint","urlTemplate":"https://www.linksgestrickt.de/blog/?s={search_term_string}"},"query-input":"required name=search_term_string"}],"inLanguage":"en-US"}]}</script>
<!-- / Yoast SEO plugin. -->

Über uns -

Schön, dass Ihr zu uns gefunden habt! linksgestrickt das sind wir, Matthias und Patricia Wir beide kommen aus Berlin, haben Informatik bzw. Neuere deutsche Literatur und Kunstgeschichte studiert und haben im Herbst 2012 linksgestrickt als Online-Shop eröffnet. Der Grundstein für diesen Laden wurde bereits 2008 gelegt. Auf einer großen Textilausstellung in Berlin packte mich der...
